{"id":41,"date":"2013-08-28T01:14:10","date_gmt":"2013-08-27T23:14:10","guid":{"rendered":"http:\/\/kulturwerk-vorpommern.de\/?page_id=41"},"modified":"2025-06-19T10:35:39","modified_gmt":"2025-06-19T08:35:39","slug":"kindergeburtstage","status":"publish","type":"page","link":"https:\/\/kulturwerk-vorpommern.de\/?page_id=41","title":{"rendered":"Kindergeburtstage"},"content":{"rendered":"<p><strong>Kindergeburtstag im Kreativzentrum<\/strong><\/p>\n<p><strong><br \/>\n<\/strong>Das KreativZentrum Eggesin bietet ideale M\u00f6glichkeiten, Kindergeburtstage mit kreativer und k\u00fcnstlerischer Besch\u00e4ftigung zu feiern.<br \/>\nDabei richten wir uns nach den W\u00fcnschen, dem Alter und der Zusammensetzung der Kindergruppe.<\/p>\n<p>Und wie es sich zu einem Geburtstag geh\u00f6rt, wird auch die Kaffeetafel nicht fehlen. Diese wird nach Absprache durch\u00a0das KreativZentrum bereitgestellt.<br \/>\nF\u00fcr das Geburtstagskind und seine G\u00e4ste gibt es ein kleines \u00dcberraschungsgeschenk. Die Eltern und Gro\u00dfeltern k\u00f6nnen mit dabei bleiben- m\u00fcssen aber nicht.<\/p>\n<p>Der Zeitumfang betr\u00e4gt in der Regel ca. 2,5 Stunden. Buchungen -auch f\u00fcr Sonnabende und Sonntage- sollten jedoch mindestens 2 Wochen vorher vorgenommen werden, um \u00dcberschneidungen zu vermeiden.<\/p>\n<p><b>Preise<\/b><\/p>\n<ul>\n<li>\u00a010,00 Euro p.P.<\/li>\n<li>20,00 Euro f\u00fcr die Kaffeetafel<\/li>\n<\/ul>\n<p>Die Preise verstehen sich incl. Material und Anleitung f\u00fcr ca 2,5 h.<\/p>\n","protected":false},"excerpt":{"rendered":"<p>Kindergeburtstag im Kreativzentrum Das KreativZentrum Eggesin bietet ideale M\u00f6glichkeiten, Kindergeburtstage mit kreativer und k\u00fcnstlerischer Besch\u00e4ftigung zu feiern. Dabei richten wir uns nach den W\u00fcnschen, dem Alter und der Zusammensetzung der Kindergruppe. Und wie es sich&#8230;<\/p>\n","protected":false},"author":1,"featured_media":0,"parent":15,"menu_order":0,"comment_status":"closed","ping_status":"closed","template":"","meta":{"footnotes":""},"class_list":["post-41","page","type-page","status-publish","hentry"],"_links":{"self":[{"href":"https:\/\/kulturwerk-vorpommern.de\/index.php?rest_route=\/wp\/v2\/pages\/41","targetHints":{"allow":["GET"]}}],"collection":[{"href":"https:\/\/kulturwerk-vorpommern.de\/index.php?rest_route=\/wp\/v2\/pages"}],"about":[{"href":"https:\/\/kulturwerk-vorpommern.de\/index.php?rest_route=\/wp\/v2\/types\/page"}],"author":[{"embeddable":true,"href":"https:\/\/kulturwerk-vorpommern.de\/index.php?rest_route=\/wp\/v2\/users\/1"}],"replies":[{"embeddable":true,"href":"https:\/\/kulturwerk-vorpommern.de\/index.php?rest_route=%2Fwp%2Fv2%2Fcomments&post=41"}],"version-history":[{"count":9,"href":"https:\/\/kulturwerk-vorpommern.de\/index.php?rest_route=\/wp\/v2\/pages\/41\/revisions"}],"predecessor-version":[{"id":2037,"href":"https:\/\/kulturwerk-vorpommern.de\/index.php?rest_route=\/wp\/v2\/pages\/41\/revisions\/2037"}],"up":[{"embeddable":true,"href":"https:\/\/kulturwerk-vorpommern.de\/index.php?rest_route=\/wp\/v2\/pages\/15"}],"wp:attachment":[{"href":"https:\/\/kulturwerk-vorpommern.de\/index.php?rest_route=%2Fwp%2Fv2%2Fmedia&parent=41"}],"curies":[{"name":"wp","href":"https:\/\/api.w.org\/{rel}","templated":true}]}}

<p><strong>Kindergeburtstag im Kreativzentrum</strong></p>
<p><strong><br />
</strong>Das KreativZentrum Eggesin bietet ideale Möglichkeiten, Kindergeburtstage mit kreativer und künstlerischer Beschäftigung zu feiern.<br />
Dabei richten wir uns nach den Wünschen, dem Alter und der Zusammensetzung der Kindergruppe.</p>
<p>Und wie es sich zu einem Geburtstag gehört, wird auch die Kaffeetafel nicht fehlen. Diese wird nach Absprache durch das KreativZentrum bereitgestellt.<br />
Für das Geburtstagskind und seine Gäste gibt es ein kleines Überraschungsgeschenk. Die Eltern und Großeltern können mit dabei bleiben- müssen aber nicht.</p>
<p>Der Zeitumfang beträgt in der Regel ca. 2,5 Stunden. Buchungen -auch für Sonnabende und Sonntage- sollten jedoch mindestens 2 Wochen vorher vorgenommen werden, um Überschneidungen zu vermeiden.</p>
<p><b>Preise</b></p>
<ul>
<li> 10,00 Euro p.P.</li>
<li>20,00 Euro für die Kaffeetafel</li>
</ul>
<p>Die Preise verstehen sich incl. Material und Anleitung für ca 2,5 h.</p>

<p>Kindergeburtstag im Kreativzentrum Das KreativZentrum Eggesin bietet ideale Möglichkeiten, Kindergeburtstage mit kreativer und künstlerischer Beschäftigung zu feiern. Dabei richten wir uns nach den Wünschen, dem Alter und der Zusammensetzung der Kindergruppe. Und wie es sich&#8230;</p>
