{"id":38,"date":"2013-08-28T01:13:38","date_gmt":"2013-08-27T23:13:38","guid":{"rendered":"http:\/\/kulturwerk-vorpommern.de\/?page_id=38"},"modified":"2024-07-01T11:00:19","modified_gmt":"2024-07-01T09:00:19","slug":"laufende-kurse","status":"publish","type":"page","link":"https:\/\/kulturwerk-vorpommern.de\/?page_id=38","title":{"rendered":"Laufende Kurse"},"content":{"rendered":"<h3>Offene Kurse im KreativZentrum Eggesin<\/h3>\n<p>Dienstag:\u00a0\u00a0\u00a0\u00a0\u00a0\u00a0 18.00 Uhr<br \/>Zeichnen f\u00fcr Erwachsene<br \/>Leitung: D. Eschrich<\/p>\n<p>Mittwoch: 13.30 Uhr<br \/>Filzen<br \/>Leitung: S. Kosmehl, A. Holznagel<\/p>\n<p>Mittwoch: 15 Uhr<br \/>T\u00f6pfern f\u00fcr Erwachsene<br \/>Leitung: Cordula Ullmann<br \/>Donnerstag: 15Uhr<br \/>T\u00f6pfern f\u00fcr Erwachsene<br \/>Leitung: Cordula Ullmann<br \/>Kontakt unter 039779 29599<\/p>\n<p>Jeden ersten Mittwoch im Monat Kreativzeit mit wechselnden Themen.<\/p>\n<p><strong>Bei Interesse au\u00dferhalb der Kurszeiten oder f\u00fcr andere Kurse, melden Sie sich bei uns.<\/strong><\/p>\n<p><span style=\"font-size: inherit;\">Der Einstieg in alle Kurse ist jederzeit m\u00f6glich.<\/span><strong><br \/><\/strong><\/p>\n<p class=\"p1\">Alle\u00a0 Aktivit\u00e4ten finden in den R\u00e4umlichkeiten in der Luckower Stra\u00dfe 6a in Eggesin statt.<\/p>\n\n\n<p><\/p>\n","protected":false},"excerpt":{"rendered":"<p>Offene Kurse im KreativZentrum Eggesin Dienstag:\u00a0\u00a0\u00a0\u00a0\u00a0\u00a0 18.00 UhrZeichnen f\u00fcr ErwachseneLeitung: D. Eschrich Mittwoch: 13.30 UhrFilzenLeitung: S. Kosmehl, A. Holznagel Mittwoch: 15 UhrT\u00f6pfern f\u00fcr ErwachseneLeitung: Cordula UllmannDonnerstag: 15UhrT\u00f6pfern f\u00fcr ErwachseneLeitung: Cordula UllmannKontakt unter 039779 29599 Jeden&#8230;<\/p>\n","protected":false},"author":1,"featured_media":0,"parent":15,"menu_order":0,"comment_status":"closed","ping_status":"closed","template":"","meta":{"footnotes":""},"class_list":["post-38","page","type-page","status-publish","hentry"],"_links":{"self":[{"href":"https:\/\/kulturwerk-vorpommern.de\/index.php?rest_route=\/wp\/v2\/pages\/38","targetHints":{"allow":["GET"]}}],"collection":[{"href":"https:\/\/kulturwerk-vorpommern.de\/index.php?rest_route=\/wp\/v2\/pages"}],"about":[{"href":"https:\/\/kulturwerk-vorpommern.de\/index.php?rest_route=\/wp\/v2\/types\/page"}],"author":[{"embeddable":true,"href":"https:\/\/kulturwerk-vorpommern.de\/index.php?rest_route=\/wp\/v2\/users\/1"}],"replies":[{"embeddable":true,"href":"https:\/\/kulturwerk-vorpommern.de\/index.php?rest_route=%2Fwp%2Fv2%2Fcomments&post=38"}],"version-history":[{"count":16,"href":"https:\/\/kulturwerk-vorpommern.de\/index.php?rest_route=\/wp\/v2\/pages\/38\/revisions"}],"predecessor-version":[{"id":1968,"href":"https:\/\/kulturwerk-vorpommern.de\/index.php?rest_route=\/wp\/v2\/pages\/38\/revisions\/1968"}],"up":[{"embeddable":true,"href":"https:\/\/kulturwerk-vorpommern.de\/index.php?rest_route=\/wp\/v2\/pages\/15"}],"wp:attachment":[{"href":"https:\/\/kulturwerk-vorpommern.de\/index.php?rest_route=%2Fwp%2Fv2%2Fmedia&parent=38"}],"curies":[{"name":"wp","href":"https:\/\/api.w.org\/{rel}","templated":true}]}}