{"id":17,"date":"2013-08-27T18:27:53","date_gmt":"2013-08-27T16:27:53","guid":{"rendered":"http:\/\/kulturwerk-vorpommern.de\/?page_id=17"},"modified":"2022-06-13T13:39:35","modified_gmt":"2022-06-13T11:39:35","slug":"kulturwerkstatt","status":"publish","type":"page","link":"https:\/\/kulturwerk-vorpommern.de\/?page_id=17","title":{"rendered":"KulturWerkstatt"},"content":{"rendered":"<p>\u00a0<\/p>\n<p>Die KulturWerkstatt hat den Schwerpunkt ihrer Arbeit auf die Durchf\u00fchrung von \u00f6ffentlichen Veranstaltungen und die kulturelle Bildung gelegt.<br \/>Themenveranstaltungen, Lesungen, Ausstellungen, Filmforen und die verschiedensten Workshops versuchen Kinder, Jugendliche und Erwachsene in ein vielschichtiges kulturelles Leben mit einzubeziehen.<\/p>\n<p>Besondere Angebote gehen \u00fcber die Genre Literatur, Kunst, Politik und Film an die Schulen der Region und werden unter anderem als Pr\u00e4ventionsprojekte genutzt.<\/p>\n<p>Die KulturWerkstatt Eggesin ist Nachspielort f\u00fcr Filmfestivals wie das &#8222;dokumentART&#8220; Festival Neubrandenburg, das bundesweite Filmfest der Gesellschafterinitiatve der Aktion Mensch oder der Frauenfilmreihe des Rostocker Frauenkulturvereins &#8222;Die Beginen e.V.&#8220;<\/p>\n<p>Die jeweils aktuellen Termine dazu entnehmen Sie bitte dem Veranstaltungskalender.<\/p>\n<p>F\u00fcr private Feierlichkeiten, Seminare und Versammlungen kann die KulturWerkstatt gebucht werden.<\/p>\n<p>Das Haus verf\u00fcgt \u00fcber zwei 4- Bett- und ein 2- Bett- Zimmer. Diese k\u00f6nnen f\u00fcr Ferienfreizeiten und kleinere Gruppen genutzt werden.<br \/>Ein kleiner K\u00fcchenbereich steht ebenfalls zur Verf\u00fcgung.<\/p>\n<p>Die angrenzende gro\u00dfe &#8222;K\u00fcnstlerwiese&#8220; und eine breite Terrasse geben auch im Au\u00dfenbereich vielf\u00e4ltige M\u00f6glichkeiten f\u00fcr die unterschiedlichsten Aktionen- oder einfach nur zum Entspannen.<a href=\"http:\/\/kulturwerk-vorpommern.de\/wp-content\/uploads\/2022\/06\/IMG_20210330_114302-scaled.jpg\"><img loading=\"lazy\" decoding=\"async\" class=\"aligncenter size-full wp-image-1849\" src=\"http:\/\/kulturwerk-vorpommern.de\/wp-content\/uploads\/2022\/06\/IMG_20210330_114302-scaled.jpg\" alt=\"\" width=\"2560\" height=\"1922\" srcset=\"https:\/\/kulturwerk-vorpommern.de\/wp-content\/uploads\/2022\/06\/IMG_20210330_114302-scaled.jpg 2560w, https:\/\/kulturwerk-vorpommern.de\/wp-content\/uploads\/2022\/06\/IMG_20210330_114302-300x225.jpg 300w, https:\/\/kulturwerk-vorpommern.de\/wp-content\/uploads\/2022\/06\/IMG_20210330_114302-1024x769.jpg 1024w, https:\/\/kulturwerk-vorpommern.de\/wp-content\/uploads\/2022\/06\/IMG_20210330_114302-768x577.jpg 768w, https:\/\/kulturwerk-vorpommern.de\/wp-content\/uploads\/2022\/06\/IMG_20210330_114302-1536x1153.jpg 1536w, https:\/\/kulturwerk-vorpommern.de\/wp-content\/uploads\/2022\/06\/IMG_20210330_114302-2048x1538.jpg 2048w\" sizes=\"auto, (max-width: 2560px) 100vw, 2560px\" \/><\/a><\/p>\n\n\n<div class=\"wp-block-media-text alignwide is-stacked-on-mobile\"><figure class=\"wp-block-media-text__media\"><img loading=\"lazy\" decoding=\"async\" width=\"1024\" height=\"769\" src=\"http:\/\/kulturwerk-vorpommern.de\/wp-content\/uploads\/2022\/06\/IMG_20210330_114407-1024x769.jpg\" alt=\"\" class=\"wp-image-1848 size-full\" srcset=\"https:\/\/kulturwerk-vorpommern.de\/wp-content\/uploads\/2022\/06\/IMG_20210330_114407-1024x769.jpg 1024w, https:\/\/kulturwerk-vorpommern.de\/wp-content\/uploads\/2022\/06\/IMG_20210330_114407-300x225.jpg 300w, https:\/\/kulturwerk-vorpommern.de\/wp-content\/uploads\/2022\/06\/IMG_20210330_114407-768x577.jpg 768w, https:\/\/kulturwerk-vorpommern.de\/wp-content\/uploads\/2022\/06\/IMG_20210330_114407-1536x1153.jpg 1536w, https:\/\/kulturwerk-vorpommern.de\/wp-content\/uploads\/2022\/06\/IMG_20210330_114407-2048x1538.jpg 2048w\" sizes=\"auto, (max-width: 1024px) 100vw, 1024px\" \/><\/figure><div class=\"wp-block-media-text__content\">\n<p>Viele unserer Veranstaltungen k\u00f6nnen Sie auch in der aktuellen FUER UNS nachlesen.<\/p>\n\n\n\n<p><a href=\"https:\/\/uecker-randow.info\/\">https:\/\/uecker-randow.info\/<\/a><\/p>\n<\/div><\/div>\n","protected":false},"excerpt":{"rendered":"<p>\u00a0 Die KulturWerkstatt hat den Schwerpunkt ihrer Arbeit auf die Durchf\u00fchrung von \u00f6ffentlichen Veranstaltungen und die kulturelle Bildung gelegt.Themenveranstaltungen, Lesungen, Ausstellungen, Filmforen und die verschiedensten Workshops versuchen Kinder, Jugendliche und Erwachsene in ein vielschichtiges kulturelles&#8230;<\/p>\n","protected":false},"author":1,"featured_media":1562,"parent":0,"menu_order":0,"comment_status":"closed","ping_status":"closed","template":"","meta":{"footnotes":""},"class_list":["post-17","page","type-page","status-publish","has-post-thumbnail","hentry"],"_links":{"self":[{"href":"https:\/\/kulturwerk-vorpommern.de\/index.php?rest_route=\/wp\/v2\/pages\/17","targetHints":{"allow":["GET"]}}],"collection":[{"href":"https:\/\/kulturwerk-vorpommern.de\/index.php?rest_route=\/wp\/v2\/pages"}],"about":[{"href":"https:\/\/kulturwerk-vorpommern.de\/index.php?rest_route=\/wp\/v2\/types\/page"}],"author":[{"embeddable":true,"href":"https:\/\/kulturwerk-vorpommern.de\/index.php?rest_route=\/wp\/v2\/users\/1"}],"replies":[{"embeddable":true,"href":"https:\/\/kulturwerk-vorpommern.de\/index.php?rest_route=%2Fwp%2Fv2%2Fcomments&post=17"}],"version-history":[{"count":7,"href":"https:\/\/kulturwerk-vorpommern.de\/index.php?rest_route=\/wp\/v2\/pages\/17\/revisions"}],"predecessor-version":[{"id":1851,"href":"https:\/\/kulturwerk-vorpommern.de\/index.php?rest_route=\/wp\/v2\/pages\/17\/revisions\/1851"}],"wp:featuredmedia":[{"embeddable":true,"href":"https:\/\/kulturwerk-vorpommern.de\/index.php?rest_route=\/wp\/v2\/media\/1562"}],"wp:attachment":[{"href":"https:\/\/kulturwerk-vorpommern.de\/index.php?rest_route=%2Fwp%2Fv2%2Fmedia&parent=17"}],"curies":[{"name":"wp","href":"https:\/\/api.w.org\/{rel}","templated":true}]}}

<p> </p>
<p>Die KulturWerkstatt hat den Schwerpunkt ihrer Arbeit auf die Durchführung von öffentlichen Veranstaltungen und die kulturelle Bildung gelegt.<br />Themenveranstaltungen, Lesungen, Ausstellungen, Filmforen und die verschiedensten Workshops versuchen Kinder, Jugendliche und Erwachsene in ein vielschichtiges kulturelles Leben mit einzubeziehen.</p>
<p>Besondere Angebote gehen über die Genre Literatur, Kunst, Politik und Film an die Schulen der Region und werden unter anderem als Präventionsprojekte genutzt.</p>
<p>Die KulturWerkstatt Eggesin ist Nachspielort für Filmfestivals wie das &#8222;dokumentART&#8220; Festival Neubrandenburg, das bundesweite Filmfest der Gesellschafterinitiatve der Aktion Mensch oder der Frauenfilmreihe des Rostocker Frauenkulturvereins &#8222;Die Beginen e.V.&#8220;</p>
<p>Die jeweils aktuellen Termine dazu entnehmen Sie bitte dem Veranstaltungskalender.</p>
<p>Für private Feierlichkeiten, Seminare und Versammlungen kann die KulturWerkstatt gebucht werden.</p>
<p>Das Haus verfügt über zwei 4- Bett- und ein 2- Bett- Zimmer. Diese können für Ferienfreizeiten und kleinere Gruppen genutzt werden.<br />Ein kleiner Küchenbereich steht ebenfalls zur Verfügung.</p>
<p>Die angrenzende große &#8222;Künstlerwiese&#8220; und eine breite Terrasse geben auch im Außenbereich vielfältige Möglichkeiten für die unterschiedlichsten Aktionen- oder einfach nur zum Entspannen.<a href="http://kulturwerk-vorpommern.de/wp-content/uploads/2022/06/IMG_20210330_114302-scaled.jpg"><img loading="lazy" decoding="async" class="aligncenter size-full wp-image-1849" src="http://kulturwerk-vorpommern.de/wp-content/uploads/2022/06/IMG_20210330_114302-scaled.jpg" alt="" width="2560" height="1922" srcset="https://kulturwerk-vorpommern.de/wp-content/uploads/2022/06/IMG_20210330_114302-scaled.jpg 2560w, https://kulturwerk-vorpommern.de/wp-content/uploads/2022/06/IMG_20210330_114302-300x225.jpg 300w, https://kulturwerk-vorpommern.de/wp-content/uploads/2022/06/IMG_20210330_114302-1024x769.jpg 1024w, https://kulturwerk-vorpommern.de/wp-content/uploads/2022/06/IMG_20210330_114302-768x577.jpg 768w, https://kulturwerk-vorpommern.de/wp-content/uploads/2022/06/IMG_20210330_114302-1536x1153.jpg 1536w, https://kulturwerk-vorpommern.de/wp-content/uploads/2022/06/IMG_20210330_114302-2048x1538.jpg 2048w" sizes="auto, (max-width: 2560px) 100vw, 2560px" /></a></p>


<div class="wp-block-media-text alignwide is-stacked-on-mobile"><figure class="wp-block-media-text__media"><img loading="lazy" decoding="async" width="1024" height="769" src="http://kulturwerk-vorpommern.de/wp-content/uploads/2022/06/IMG_20210330_114407-1024x769.jpg" alt="" class="wp-image-1848 size-full" srcset="https://kulturwerk-vorpommern.de/wp-content/uploads/2022/06/IMG_20210330_114407-1024x769.jpg 1024w, https://kulturwerk-vorpommern.de/wp-content/uploads/2022/06/IMG_20210330_114407-300x225.jpg 300w, https://kulturwerk-vorpommern.de/wp-content/uploads/2022/06/IMG_20210330_114407-768x577.jpg 768w, https://kulturwerk-vorpommern.de/wp-content/uploads/2022/06/IMG_20210330_114407-1536x1153.jpg 1536w, https://kulturwerk-vorpommern.de/wp-content/uploads/2022/06/IMG_20210330_114407-2048x1538.jpg 2048w" sizes="auto, (max-width: 1024px) 100vw, 1024px" /></figure><div class="wp-block-media-text__content">
<p>Viele unserer Veranstaltungen können Sie auch in der aktuellen FUER UNS nachlesen.</p>



<p><a href="https://uecker-randow.info/">https://uecker-randow.info/</a></p>
</div></div>

<p>  Die KulturWerkstatt hat den Schwerpunkt ihrer Arbeit auf die Durchführung von öffentlichen Veranstaltungen und die kulturelle Bildung gelegt.Themenveranstaltungen, Lesungen, Ausstellungen, Filmforen und die verschiedensten Workshops versuchen Kinder, Jugendliche und Erwachsene in ein vielschichtiges kulturelles&#8230;</p>
